{"id":71,"date":"2020-01-27T08:15:05","date_gmt":"2020-01-27T08:15:05","guid":{"rendered":"https:\/\/demosites.io\/web-agency-gb\/?page_id=71"},"modified":"2025-08-20T14:53:25","modified_gmt":"2025-08-20T17:53:25","slug":"15c42-web-agency-gb-portfolio-single","status":"publish","type":"page","link":"https:\/\/lhouniville.org\/index.php\/15c42-web-agency-gb-portfolio-single\/","title":{"rendered":"Acervo"},"content":{"rendered":"\t\t<div data-elementor-type=\"wp-page\" data-elementor-id=\"71\" class=\"elementor elementor-71\">\n\t\t\t\t\t\t\t\t\t<section class=\"elementor-section elementor-top-section elementor-element elementor-element-350bd2f elementor-section-boxed elementor-section-height-default elementor-section-height-default wpr-particle-no wpr-jarallax-no wpr-parallax-no wpr-sticky-section-no\" data-id=\"350bd2f\" data-element_type=\"section\">\n\t\t\t\t\t\t<div class=\"elementor-container elementor-column-gap-default\">\n\t\t\t\t\t<div class=\"elementor-column elementor-col-100 elementor-top-column elementor-element elementor-element-6522d98\" data-id=\"6522d98\" data-element_type=\"column\">\n\t\t\t<div class=\"elementor-widget-wrap elementor-element-populated\">\n\t\t\t\t\t\t\t\t<div class=\"elementor-element elementor-element-830f755 elementor-widget elementor-widget-spacer\" data-id=\"830f755\" data-element_type=\"widget\" data-widget_type=\"spacer.default\">\n\t\t\t\t<div class=\"elementor-widget-container\">\n\t\t\t<style>\/*! elementor - v3.13.3 - 28-05-2023 *\/\n.elementor-column .elementor-spacer-inner{height:var(--spacer-size)}.e-con{--container-widget-width:100%}.e-con-inner>.elementor-widget-spacer,.e-con>.elementor-widget-spacer{width:var(--container-widget-width,var(--spacer-size));--align-self:var(--container-widget-align-self,initial);--flex-shrink:0}.e-con-inner>.elementor-widget-spacer>.elementor-widget-container,.e-con-inner>.elementor-widget-spacer>.elementor-widget-container>.elementor-spacer,.e-con>.elementor-widget-spacer>.elementor-widget-container,.e-con>.elementor-widget-spacer>.elementor-widget-container>.elementor-spacer{height:100%}.e-con-inner>.elementor-widget-spacer>.elementor-widget-container>.elementor-spacer>.elementor-spacer-inner,.e-con>.elementor-widget-spacer>.elementor-widget-container>.elementor-spacer>.elementor-spacer-inner{height:var(--container-widget-height,var(--spacer-size))}<\/style>\t\t<div class=\"elementor-spacer\">\n\t\t\t<div class=\"elementor-spacer-inner\"><\/div>\n\t\t<\/div>\n\t\t\t\t<\/div>\n\t\t\t\t<\/div>\n\t\t\t\t\t<\/div>\n\t\t<\/div>\n\t\t\t\t\t\t\t<\/div>\n\t\t<\/section>\n\t\t\t\t<section class=\"elementor-section elementor-top-section elementor-element elementor-element-759e21f elementor-section-boxed elementor-section-height-default elementor-section-height-default wpr-particle-no wpr-jarallax-no wpr-parallax-no wpr-sticky-section-no\" data-id=\"759e21f\" data-element_type=\"section\">\n\t\t\t\t\t\t<div class=\"elementor-container elementor-column-gap-default\">\n\t\t\t\t\t<div class=\"elementor-column elementor-col-100 elementor-top-column elementor-element elementor-element-e63853b\" data-id=\"e63853b\" data-element_type=\"column\">\n\t\t\t<div class=\"elementor-widget-wrap elementor-element-populated\">\n\t\t\t\t\t\t\t\t<div class=\"elementor-element elementor-element-6229cec elementor-widget elementor-widget-heading\" data-id=\"6229cec\" data-element_type=\"widget\" data-widget_type=\"heading.default\">\n\t\t\t\t<div class=\"elementor-widget-container\">\n\t\t\t<style>\/*! elementor - v3.13.3 - 28-05-2023 *\/\n.elementor-heading-title{padding:0;margin:0;line-height:1}.elementor-widget-heading .elementor-heading-title[class*=elementor-size-]>a{color:inherit;font-size:inherit;line-height:inherit}.elementor-widget-heading .elementor-heading-title.elementor-size-small{font-size:15px}.elementor-widget-heading .elementor-heading-title.elementor-size-medium{font-size:19px}.elementor-widget-heading .elementor-heading-title.elementor-size-large{font-size:29px}.elementor-widget-heading .elementor-heading-title.elementor-size-xl{font-size:39px}.elementor-widget-heading .elementor-heading-title.elementor-size-xxl{font-size:59px}<\/style><h2 class=\"elementor-heading-title elementor-size-default\">Acervo<\/h2>\t\t<\/div>\n\t\t\t\t<\/div>\n\t\t\t\t\t<\/div>\n\t\t<\/div>\n\t\t\t\t\t\t\t<\/div>\n\t\t<\/section>\n\t\t\t\t<section class=\"elementor-section elementor-top-section elementor-element elementor-element-1ce20be elementor-section-boxed elementor-section-height-default elementor-section-height-default wpr-particle-no wpr-jarallax-no wpr-parallax-no wpr-sticky-section-no\" data-id=\"1ce20be\" data-element_type=\"section\">\n\t\t\t\t\t\t<div class=\"elementor-container elementor-column-gap-default\">\n\t\t\t\t\t<div class=\"elementor-column elementor-col-100 elementor-top-column elementor-element elementor-element-7fc9edf\" data-id=\"7fc9edf\" data-element_type=\"column\">\n\t\t\t<div class=\"elementor-widget-wrap elementor-element-populated\">\n\t\t\t\t\t\t\t\t<div class=\"elementor-element elementor-element-c6cb4a4 elementor-widget elementor-widget-spacer\" data-id=\"c6cb4a4\" data-element_type=\"widget\" data-widget_type=\"spacer.default\">\n\t\t\t\t<div class=\"elementor-widget-container\">\n\t\t\t\t\t<div class=\"elementor-spacer\">\n\t\t\t<div class=\"elementor-spacer-inner\"><\/div>\n\t\t<\/div>\n\t\t\t\t<\/div>\n\t\t\t\t<\/div>\n\t\t\t\t\t<\/div>\n\t\t<\/div>\n\t\t\t\t\t\t\t<\/div>\n\t\t<\/section>\n\t\t\t\t<section class=\"elementor-section elementor-top-section elementor-element elementor-element-ad60bc2 elementor-section-boxed elementor-section-height-default elementor-section-height-default wpr-particle-no wpr-jarallax-no wpr-parallax-no wpr-sticky-section-no\" data-id=\"ad60bc2\" data-element_type=\"section\">\n\t\t\t\t\t\t<div class=\"elementor-container elementor-column-gap-default\">\n\t\t\t\t\t<div class=\"elementor-column elementor-col-33 elementor-top-column elementor-element elementor-element-a35a396\" data-id=\"a35a396\" data-element_type=\"column\">\n\t\t\t<div class=\"elementor-widget-wrap elementor-element-populated\">\n\t\t\t\t\t\t\t\t<div class=\"elementor-element elementor-element-c6ae4c1 elementor-view-default elementor-widget elementor-widget-icon\" data-id=\"c6ae4c1\" data-element_type=\"widget\" data-widget_type=\"icon.default\">\n\t\t\t\t<div class=\"elementor-widget-container\">\n\t\t\t\t\t<div class=\"elementor-icon-wrapper\">\n\t\t\t<div class=\"elementor-icon\">\n\t\t\t<i aria-hidden=\"true\" class=\"fas fa-archive\"><\/i>\t\t\t<\/div>\n\t\t<\/div>\n\t\t\t\t<\/div>\n\t\t\t\t<\/div>\n\t\t\t\t\t<\/div>\n\t\t<\/div>\n\t\t\t\t<div class=\"elementor-column elementor-col-66 elementor-top-column elementor-element elementor-element-1f74263\" data-id=\"1f74263\" data-element_type=\"column\">\n\t\t\t<div class=\"elementor-widget-wrap elementor-element-populated\">\n\t\t\t\t\t\t\t\t<div class=\"elementor-element elementor-element-0efc268 elementor-widget elementor-widget-text-editor\" data-id=\"0efc268\" data-element_type=\"widget\" data-widget_type=\"text-editor.default\">\n\t\t\t\t<div class=\"elementor-widget-container\">\n\t\t\t<style>\/*! elementor - v3.13.3 - 28-05-2023 *\/\n.elementor-widget-text-editor.elementor-drop-cap-view-stacked .elementor-drop-cap{background-color:#69727d;color:#fff}.elementor-widget-text-editor.elementor-drop-cap-view-framed .elementor-drop-cap{color:#69727d;border:3px solid;background-color:transparent}.elementor-widget-text-editor:not(.elementor-drop-cap-view-default) .elementor-drop-cap{margin-top:8px}.elementor-widget-text-editor:not(.elementor-drop-cap-view-default) .elementor-drop-cap-letter{width:1em;height:1em}.elementor-widget-text-editor .elementor-drop-cap{float:left;text-align:center;line-height:1;font-size:50px}.elementor-widget-text-editor .elementor-drop-cap-letter{display:inline-block}<\/style>\t\t\t\t<div id=\"comp-kp05jwgl\" class=\"_1Q9if\" data-testid=\"richTextElement\"><h4 class=\"font_2\" style=\"text-align: justify;\"><span class=\"color_15\">Organiza\u00e7\u00e3o<\/span><\/h4><p class=\"font_2\" style=\"text-align: justify;\">As entrevistas orais que integram o acervo do LHO encontram-se organizadas sob a forma de cole\u00e7\u00f5es. Totalizando 653 entrevistas em 42 cole\u00e7\u00f5es, disponibilizadas em 525 fitas K7, 43\u00a0micro fitas\u00a0K7, 30 CDs e 30 DVDs.<\/p><\/div>\t\t\t\t\t\t<\/div>\n\t\t\t\t<\/div>\n\t\t\t\t\t<\/div>\n\t\t<\/div>\n\t\t\t\t\t\t\t<\/div>\n\t\t<\/section>\n\t\t\t\t<section class=\"elementor-section elementor-top-section elementor-element elementor-element-a1973a0 elementor-section-boxed elementor-section-height-default elementor-section-height-default wpr-particle-no wpr-jarallax-no wpr-parallax-no wpr-sticky-section-no\" data-id=\"a1973a0\" data-element_type=\"section\">\n\t\t\t\t\t\t<div class=\"elementor-container elementor-column-gap-default\">\n\t\t\t\t\t<div class=\"elementor-column elementor-col-33 elementor-top-column elementor-element elementor-element-bf8b613\" data-id=\"bf8b613\" data-element_type=\"column\">\n\t\t\t<div class=\"elementor-widget-wrap elementor-element-populated\">\n\t\t\t\t\t\t\t\t<div class=\"elementor-element elementor-element-1463340 elementor-view-default elementor-widget elementor-widget-icon\" data-id=\"1463340\" data-element_type=\"widget\" data-widget_type=\"icon.default\">\n\t\t\t\t<div class=\"elementor-widget-container\">\n\t\t\t\t\t<div class=\"elementor-icon-wrapper\">\n\t\t\t<div class=\"elementor-icon\">\n\t\t\t<i aria-hidden=\"true\" class=\"far fa-eye\"><\/i>\t\t\t<\/div>\n\t\t<\/div>\n\t\t\t\t<\/div>\n\t\t\t\t<\/div>\n\t\t\t\t\t<\/div>\n\t\t<\/div>\n\t\t\t\t<div class=\"elementor-column elementor-col-66 elementor-top-column elementor-element elementor-element-0a12a47\" data-id=\"0a12a47\" data-element_type=\"column\">\n\t\t\t<div class=\"elementor-widget-wrap elementor-element-populated\">\n\t\t\t\t\t\t\t\t<div class=\"elementor-element elementor-element-0fbff50 elementor-widget elementor-widget-text-editor\" data-id=\"0fbff50\" data-element_type=\"widget\" data-widget_type=\"text-editor.default\">\n\t\t\t\t<div class=\"elementor-widget-container\">\n\t\t\t\t\t\t\t<div id=\"comp-kp05m8do\" class=\"_1Q9if\" data-testid=\"richTextElement\"><h4 class=\"font_2\"><span class=\"color_15\">Consultas<\/span><\/h4><\/div><div id=\"comp-kp059dsg\" class=\"_1Q9if\" data-testid=\"richTextElement\"><p class=\"font_8\"><span class=\"color_15\">A consulta ao acervo do LHO pode ser realizada gratuitamente por qualquer pessoa. Para ter acesso ao \u00e1udio e\/ou a transcri\u00e7\u00e3o de cada basta entrar em contato com a equipe do LHO e fazer a sua solicita\u00e7\u00e3o.<\/span><\/p><\/div>\t\t\t\t\t\t<\/div>\n\t\t\t\t<\/div>\n\t\t\t\t\t<\/div>\n\t\t<\/div>\n\t\t\t\t\t\t\t<\/div>\n\t\t<\/section>\n\t\t\t\t<section class=\"elementor-section elementor-top-section elementor-element elementor-element-96eac0e elementor-section-boxed elementor-section-height-default elementor-section-height-default wpr-particle-no wpr-jarallax-no wpr-parallax-no wpr-sticky-section-no\" data-id=\"96eac0e\" data-element_type=\"section\">\n\t\t\t\t\t\t<div class=\"elementor-container elementor-column-gap-default\">\n\t\t\t\t\t<div class=\"elementor-column elementor-col-33 elementor-top-column elementor-element elementor-element-9dad6c5\" data-id=\"9dad6c5\" data-element_type=\"column\">\n\t\t\t<div class=\"elementor-widget-wrap elementor-element-populated\">\n\t\t\t\t\t\t\t\t<div class=\"elementor-element elementor-element-680f4fc elementor-view-default elementor-widget elementor-widget-icon\" data-id=\"680f4fc\" data-element_type=\"widget\" data-widget_type=\"icon.default\">\n\t\t\t\t<div class=\"elementor-widget-container\">\n\t\t\t\t\t<div class=\"elementor-icon-wrapper\">\n\t\t\t<div class=\"elementor-icon\">\n\t\t\t<i aria-hidden=\"true\" class=\"fas fa-glasses\"><\/i>\t\t\t<\/div>\n\t\t<\/div>\n\t\t\t\t<\/div>\n\t\t\t\t<\/div>\n\t\t\t\t\t<\/div>\n\t\t<\/div>\n\t\t\t\t<div class=\"elementor-column elementor-col-66 elementor-top-column elementor-element elementor-element-a2ec862\" data-id=\"a2ec862\" data-element_type=\"column\">\n\t\t\t<div class=\"elementor-widget-wrap elementor-element-populated\">\n\t\t\t\t\t\t\t\t<div class=\"elementor-element elementor-element-ba09268 elementor-widget elementor-widget-text-editor\" data-id=\"ba09268\" data-element_type=\"widget\" data-widget_type=\"text-editor.default\">\n\t\t\t\t<div class=\"elementor-widget-container\">\n\t\t\t\t\t\t\t<div id=\"comp-kp05nidm\" class=\"_1Q9if\" data-testid=\"richTextElement\"><h4 class=\"font_2\"><span class=\"color_15\">Gest\u00e3o<\/span><\/h4><\/div><div id=\"comp-kp05cfx1\" class=\"_1Q9if\" data-testid=\"richTextElement\"><p class=\"font_8\"><span class=\"color_15\">A responsabilidade pela gest\u00e3o do acervo do LHO \u00e9 dos membros de sua equipe t\u00e9cnica.<\/span><\/p><p class=\"font_8\"><span class=\"color_15\">Al\u00e9m deles, h\u00e1 tamb\u00e9m uma Comiss\u00e3o de Acervo formada pelo coordenador do LHO (seu presidente nato), pelo chefe do Departamento de Hist\u00f3ria da Univille, pelo coordenador do Mestrado em Patrim\u00f4nio Cultural e Sociedade, por dois professores indicados pelo colegiado do curso de Hist\u00f3ria e por dois professores indicados pelo colegiado do Mestrado em Patrim\u00f4nio Cultural e Sociedade da Univille.<\/span><\/p><p class=\"font_8\"><span class=\"color_15\">A Comiss\u00e3o de Acervo do LHO se re\u00fane, no m\u00ednimo, duas vezes ao ano, e extraordinariamente \u00a0quando solicitada pelo seu presidente, para deliberar sobre: descarte e elimina\u00e7\u00e3o de documentos do acervo, incorpora\u00e7\u00e3o de novas entrevistas orais ao acervo, propor reformula\u00e7\u00f5es nos objetivos e nas estrat\u00e9gias de a\u00e7\u00e3o do LHO.<\/span><\/p><\/div>\t\t\t\t\t\t<\/div>\n\t\t\t\t<\/div>\n\t\t\t\t\t<\/div>\n\t\t<\/div>\n\t\t\t\t\t\t\t<\/div>\n\t\t<\/section>\n\t\t\t\t<section class=\"elementor-section elementor-top-section elementor-element elementor-element-6e0edab elementor-section-boxed elementor-section-height-default elementor-section-height-default wpr-particle-no wpr-jarallax-no wpr-parallax-no wpr-sticky-section-no\" data-id=\"6e0edab\" data-element_type=\"section\">\n\t\t\t\t\t\t<div class=\"elementor-container elementor-column-gap-default\">\n\t\t\t\t\t<div class=\"elementor-column elementor-col-33 elementor-top-column elementor-element elementor-element-5262593\" data-id=\"5262593\" data-element_type=\"column\">\n\t\t\t<div class=\"elementor-widget-wrap elementor-element-populated\">\n\t\t\t\t\t\t\t\t<div class=\"elementor-element elementor-element-f62397c elementor-view-default elementor-widget elementor-widget-icon\" data-id=\"f62397c\" data-element_type=\"widget\" data-widget_type=\"icon.default\">\n\t\t\t\t<div class=\"elementor-widget-container\">\n\t\t\t\t\t<div class=\"elementor-icon-wrapper\">\n\t\t\t<div class=\"elementor-icon\">\n\t\t\t<i aria-hidden=\"true\" class=\"fas fa-user-circle\"><\/i>\t\t\t<\/div>\n\t\t<\/div>\n\t\t\t\t<\/div>\n\t\t\t\t<\/div>\n\t\t\t\t\t<\/div>\n\t\t<\/div>\n\t\t\t\t<div class=\"elementor-column elementor-col-66 elementor-top-column elementor-element elementor-element-fe88f58\" data-id=\"fe88f58\" data-element_type=\"column\">\n\t\t\t<div class=\"elementor-widget-wrap elementor-element-populated\">\n\t\t\t\t\t\t\t\t<div class=\"elementor-element elementor-element-bc78c5a elementor-widget elementor-widget-text-editor\" data-id=\"bc78c5a\" data-element_type=\"widget\" data-widget_type=\"text-editor.default\">\n\t\t\t\t<div class=\"elementor-widget-container\">\n\t\t\t\t\t\t\t<div id=\"comp-kp05s33m\" class=\"_1Q9if\" data-testid=\"richTextElement\"><h4 class=\"font_2\"><span class=\"color_15\">Comiss\u00e3o<\/span><\/h4><\/div><div id=\"comp-kp05cjm3\" class=\"_1Q9if\" data-testid=\"richTextElement\"><p class=\"font_8\"><strong>Presid\u00eancia<\/strong>:<br \/>Profa. Dra. Ilanil Coelho<br \/>Prof. Dr. Fernando Cesar Sossai<\/p><p class=\"font_8\"><strong>Membros representantes do Curso de Hist\u00f3ria<\/strong>:<br \/>Profa. Dra. Raquel Alvarenga de Sena Venera<br \/>Prof. Dr. Wilson de Oliveira Neto<\/p><p class=\"font_8\"><strong>Membros representantes do Programa de P\u00f3s-Gradua\u00e7\u00e3o em Patrim\u00f4nio Cultural e Sociedade<\/strong>:<br \/>Profa. Dra. Dione da Rocha Bandeira<br \/>Profa. Dra. Sandra P. L. de Camargo Guedes<\/p><p class=\"font_8\"><strong>Bolsistas do Laborat\u00f3rio de Hist\u00f3ria Oral:<\/strong><br \/>Angelo Mafra da Maia e Silva<br \/>Beatriz Goulart Nunes<br \/>Lohan de Moura Almeida<br \/>V\u00edtor Alves de Oliveira<br \/>Aldry Pereira Chaves<\/p><\/div>\t\t\t\t\t\t<\/div>\n\t\t\t\t<\/div>\n\t\t\t\t\t<\/div>\n\t\t<\/div>\n\t\t\t\t\t\t\t<\/div>\n\t\t<\/section>\n\t\t\t\t<section class=\"elementor-section elementor-top-section elementor-element elementor-element-0c8af25 elementor-section-boxed elementor-section-height-default elementor-section-height-default wpr-particle-no wpr-jarallax-no wpr-parallax-no wpr-sticky-section-no\" data-id=\"0c8af25\" data-element_type=\"section\">\n\t\t\t\t\t\t<div class=\"elementor-container elementor-column-gap-default\">\n\t\t\t\t\t<div class=\"elementor-column elementor-col-100 elementor-top-column elementor-element elementor-element-2c8029a\" data-id=\"2c8029a\" data-element_type=\"column\">\n\t\t\t<div class=\"elementor-widget-wrap elementor-element-populated\">\n\t\t\t\t\t\t\t\t<div class=\"elementor-element elementor-element-64113e1 elementor-widget elementor-widget-spacer\" data-id=\"64113e1\" data-element_type=\"widget\" data-widget_type=\"spacer.default\">\n\t\t\t\t<div class=\"elementor-widget-container\">\n\t\t\t\t\t<div class=\"elementor-spacer\">\n\t\t\t<div class=\"elementor-spacer-inner\"><\/div>\n\t\t<\/div>\n\t\t\t\t<\/div>\n\t\t\t\t<\/div>\n\t\t\t\t\t<\/div>\n\t\t<\/div>\n\t\t\t\t\t\t\t<\/div>\n\t\t<\/section>\n\t\t\t\t\t\t\t<\/div>\n\t\t","protected":false},"excerpt":{"rendered":"<p>Acervo Organiza\u00e7\u00e3o As entrevistas orais que integram o acervo do LHO encontram-se organizadas sob a forma de cole\u00e7\u00f5es. Totalizando 653 entrevistas em 42 cole\u00e7\u00f5es, disponibilizadas em 525 fitas K7, 43\u00a0micro fitas\u00a0K7, 30 CDs e 30 DVDs. Consultas A consulta ao acervo do LHO pode ser realizada gratuitamente por qualquer pessoa. Para ter acesso ao \u00e1udio e\/ou a transcri\u00e7\u00e3o de cada basta entrar em contato com a equipe do LHO e fazer a sua solicita\u00e7\u00e3o. Gest\u00e3o A responsabilidade pela gest\u00e3o do acervo do LHO \u00e9 dos membros de sua equipe t\u00e9cnica. Al\u00e9m deles, h\u00e1 tamb\u00e9m uma Comiss\u00e3o de Acervo formada pelo coordenador do LHO (seu presidente nato), pelo chefe do Departamento de Hist\u00f3ria da Univille, pelo coordenador do Mestrado em Patrim\u00f4nio Cultural e Sociedade, por dois professores indicados pelo colegiado do curso de Hist\u00f3ria e por dois professores indicados pelo colegiado do Mestrado em Patrim\u00f4nio Cultural e Sociedade da Univille. A Comiss\u00e3o de Acervo do LHO se re\u00fane, no m\u00ednimo, duas vezes ao ano, e extraordinariamente \u00a0quando solicitada pelo seu presidente, para deliberar sobre: descarte e elimina\u00e7\u00e3o de documentos do acervo, incorpora\u00e7\u00e3o de novas entrevistas orais ao acervo, propor reformula\u00e7\u00f5es nos objetivos e nas estrat\u00e9gias de a\u00e7\u00e3o do LHO. Comiss\u00e3o Presid\u00eancia:Profa. Dra. Ilanil CoelhoProf. Dr. Fernando Cesar Sossai Membros representantes do Curso de Hist\u00f3ria:Profa. Dra. Raquel Alvarenga de Sena VeneraProf. Dr. Wilson de Oliveira Neto Membros representantes do Programa de P\u00f3s-Gradua\u00e7\u00e3o em Patrim\u00f4nio Cultural e Sociedade:Profa. Dra. Dione da Rocha BandeiraProfa. Dra. Sandra P. L. de Camargo Guedes Bolsistas do Laborat\u00f3rio de Hist\u00f3ria Oral:Angelo Mafra da Maia e SilvaBeatriz Goulart NunesLohan de Moura AlmeidaV\u00edtor Alves de OliveiraAldry Pereira Chaves<\/p>\n","protected":false},"author":1,"featured_media":0,"parent":0,"menu_order":0,"comment_status":"closed","ping_status":"closed","template":"","meta":{"_monsterinsights_skip_tracking":false,"_monsterinsights_sitenote_active":false,"_monsterinsights_sitenote_note":"","_monsterinsights_sitenote_category":0,"neve_meta_sidebar":"default","neve_meta_container":"","neve_meta_enable_content_width":"on","neve_meta_content_width":100,"neve_meta_title_alignment":"","neve_meta_author_avatar":"","neve_post_elements_order":"","neve_meta_disable_header":"","neve_meta_disable_footer":"","neve_meta_disable_title":"on","footnotes":""},"aioseo_notices":[],"_links":{"self":[{"href":"https:\/\/lhouniville.org\/index.php\/wp-json\/wp\/v2\/pages\/71"}],"collection":[{"href":"https:\/\/lhouniville.org\/index.php\/wp-json\/wp\/v2\/pages"}],"about":[{"href":"https:\/\/lhouniville.org\/index.php\/wp-json\/wp\/v2\/types\/page"}],"author":[{"embeddable":true,"href":"https:\/\/lhouniville.org\/index.php\/wp-json\/wp\/v2\/users\/1"}],"replies":[{"embeddable":true,"href":"https:\/\/lhouniville.org\/index.php\/wp-json\/wp\/v2\/comments?post=71"}],"version-history":[{"count":23,"href":"https:\/\/lhouniville.org\/index.php\/wp-json\/wp\/v2\/pages\/71\/revisions"}],"predecessor-version":[{"id":2320,"href":"https:\/\/lhouniville.org\/index.php\/wp-json\/wp\/v2\/pages\/71\/revisions\/2320"}],"wp:attachment":[{"href":"https:\/\/lhouniville.org\/index.php\/wp-json\/wp\/v2\/media?parent=71"}],"curies":[{"name":"wp","href":"https:\/\/api.w.org\/{rel}","templated":true}]}}